77?
False
Is 9 a factor of 150786191?
False
Is 10 a factor of 37972150?
True
Does 1691 divide 30461674?
True
Is 173331968 a multiple of 342?
False
Is 92 a factor of 378948?
True
Is 49880284 a multiple of 23?
True
Is 107740039 a multiple of 1034?
False
Is 47 a factor of 193655902?
False
Does 26 divide 28762427?
False
Is 98 a factor of 6642576?
False
Is 120596118 a multiple of 661?
False
Is 225 a factor of 622370250?
True
Is 975126500 a multiple of 125?
True
Is 12 a factor of 3018214980?
True
Is 20 a factor of 2795507718?
False
Is 329806485 a multiple of 7?
False
Does 3142 divide 269124868?
True
Does 75 divide 49117219?
False
Does 265 divide 318418017?
False
Is 65092022 a multiple of 11?
False
Is 252895860 a multiple of 441?
True
Is 5 a factor of 780359665?
True
Is 40 a factor of 172171342?
False
Does 169 divide 66662388?
True
Is 29811200 a multiple of 34?
True
Is 89 a factor of 462031225?
False
Is 13 a factor of 336336667?
False
Does 1611 divide 36566478?
True
Is 120 a factor of 134770920?
True
Does 6 divide 50572190?
False
Is 2514397049 a multiple of 5786?
False
Is 78 a factor of 105109680?
True
Does 434 divide 414287516?
False
Is 3308177402 a multiple of 90?
False
Does 2908 divide 328596321?
False
Is 45746258 a multiple of 1166?
False
Is 9475496 a multiple of 636?
False
Is 35999074 a multiple of 73?
True
Is 3156 a factor of 719195829?
False
Is 392 a factor of 448880768?
True
Is 2 a factor of 23002106?
True
Does 7 divide 67597497?
False
Does 840 divide 87511418?
False
Is 16343838 a multiple of 572?
False
Is 23470425 a multiple of 55?
True
Is 9432635 a multiple of 464?
False
Is 35 a factor of 13616954?
False
Is 2613 a factor of 35877262?
False
Does 1170 divide 5956436070?
True
Is 10260628 a multiple of 100?
False
Does 2598 divide 272246199?
False
Is 148 a factor of 36735376?
True
Does 1394 divide 25565795?
False
Does 16 divide 62468784?
True
Is 129167055 a multiple of 405?
True
Does 251 divide 440812977?
True
Is 131 a factor of 1063792967?
True
Does 73 divide 7982769?
True
Does 3233 divide 1288062763?
True
Does 530 divide 223135133?
False
Is 44041095 a multiple of 30?
False
Is 2802 a factor of 469965196?
False
Does 45 divide 5487239520?
True
Is 15 a factor of 2235355557?
False
Does 433 divide 75802279?
True
Is 184972176 a multiple of 466?
True
Does 38 divide 97245306?
True
Is 397 a factor of 979904778?
True
Is 31548772 a multiple of 547?
True
Does 7 divide 55534878?
True
Is 455400752 a multiple of 842?
True
Does 2712 divide 255711233?
False
Does 2615 divide 50713883?
False
Does 22 divide 182785394?
True
Does 6949 divide 119776066?
False
Is 1110424768 a multiple of 17?
True
Is 14 a factor of 2706872?
True
Is 4158355 a multiple of 3?
False
Is 11 a factor of 719303306?
False
Is 69767294 a multiple of 175?
False
Is 323 a factor of 18372563?
True
Is 2393 a factor of 192775546?
False
Is 421421940 a multiple of 54?
True
Is 452117914 a multiple of 30?
False
Does 1544 divide 163168376?
True
Is 4575 a factor of 215642625?
True
Is 19502678 a multiple of 26?
True
Is 168366413 a multiple of 30?
False
Is 3 a factor of 62129177?
False
Is 45285375 a multiple of 197?
True
Is 33927971 a multiple of 1309?
True
Does 79 divide 49989620?
True
Is 165104485 a multiple of 7?
True
Is 16 a factor of 2834976?
True
Is 1186 a factor of 43424204?
True
Does 13160 divide 3835103256?
False
Is 395087836 a multiple of 23?
True
Is 5 a factor of 297363930?
True
Is 572 a factor of 294122400?
True
Does 3 divide 3151831?
False
Does 934 divide 2930888264?
True
Does 61 divide 98790842?
True
Is 19 a factor of 3781741?
True
Does 11 divide 2060797307?
False
Is 58 a factor of 2126940421?
False
Is 9194 a factor of 1326611454?
True
Is 30 a factor of 1593465349?
False
Is 92365290 a multiple of 870?
True
Is 1402431756 a multiple of 3044?
False
Does 61 divide 71587690?
False
Is 734 a factor of 376900870?
False
Does 8760 divide 1315365726?
False
Is 126 a factor of 37198476?
True
Is 2617942854 a multiple of 38?
True
Does 100 divide 381566200?
True
Does 80 divide 64056400?
True
Does 305 divide 179702101?
False
Is 1046760825 a multiple of 15?
True
Is 10425548 a multiple of 868?
True
Is 182142672 a multiple of 12?
True
Is 17679384 a multiple of 41?
False
Is 628970191 a multiple of 1244?
False
Does 203 divide 6979343?
True
Is 244464826 a multiple of 7?
False
Is 183767269 a multiple of 4973?
True
Is 28 a factor of 1976607899?
False
Does 183 divide 146529136?
False
Is 33 a factor of 114646587?
True
Is 98774682 a multiple of 2?
True
Is 24 a factor of 390983712?
True
Is 607897130 a multiple of 115?
True
Does 8 divide 4106072?
True
Is 1089 a factor of 16848452?
False
Does 1870 divide 40579000?
True
Does 90 divide 13302720?
True
Is 53018070 a multiple of 527?
False
Is 7 a factor of 219486476?
False
Is 991 a factor of 98375579?
True
Is 914141358 a multiple of 117?
True
Is 26 a factor of 95314440?
True
Is 320336665 a multiple of 55?
True
Is 16 a factor of 382746400?
True
Is 66 a factor of 6508986?
True
Does 196 divide 30718891?
False
Is 13 a factor of 1602385768?
False
Is 166503446 a multiple of 1353?
False
Is 66286446 a multiple of 2?
True
Does 29 divide 22662456?
True
Is 12171831 a multiple of 3?
True
Is 769155632 a multiple of 15?
False
Is 163916130 a multiple of 30?
True
Is 3411695256 a multiple of 619?
True
Is 2102302304 a multiple of 32?
True
Is 10 a factor of 64936410?
True
Is 12 a factor of 1526053200?
True
Does 541 divide 208387241?
False
Is 159 a factor of 9099052?
False
Does 2 divide 193169484?
True
Is 2777 a factor of 447905107?
True
Does 4 divide 4725729?
False
Does 706 divide 25649496?
False
Is 32 a factor of 10921440?
True
Is 609372288 a multiple of 64?
True
Does 142 divide 63729742?
True
Is 21220556 a multiple of 763?
True
Does 10 divide 15864010?
True
Is 94198256 a multiple of 16?
True
Is 1145600 even?
True
Is 2194 a factor of 38364334?
False
Does 104 divide 290376472?
False
Is 367749587 a multiple of 3839?
False
Does 9366 divide 777533063?
False
Is 155787826 a multiple of 29?
True
Does 13 divide 449800024?
False
Is 696 a factor of 1037409399?
False
Is 432 a factor of 16816148?
False
Is 659091470 a multiple of 2722?
True
Does 1696 divide 163924844?
False
Is 135947634 a multiple of 46?
False
Is 1196409 a multiple of 3?
True
Is 2814570 a multiple of 45?
True
Is 402199812 a multiple of 129?
True
Is 43 a factor of 217398110?
True
Is 1412 a factor of 3798352743?
False
Is 11210 a factor of 5985280981?
False
Does 87 divide 32056436?
False
Is 11289600 a multiple of 280?
True
Is 153365256 a multiple of 41?
True
Is 83117077 a multiple of 321?
False
Is 1616 a factor of 50975104?
True
Is 84896946 a multiple of 102?
True
Is 152 a factor of 2871617836?
False
Does 49 divide 2004688?
True
Does 1066 divide 214878950?
True
Is 974243875 a multiple of 157?
True
Is 32884948 a multiple of 236?
True
Is 245 a factor of 16595207?
False
Is 11309844 a multiple of 26?
True
Does 5 divide 187734500?
True
Is 1373747 a multiple of 55?
False
Does 536 divide 148741218?
False
Is 47 a factor of 1897429151?
True
Is 218 a factor of 951219219?
False
Does 146 divide 2227899556?
True
Is 494 a factor of 171776447?
False
Is 3986684 a multiple of 4?
True
Is 119 a factor of 1117120354?
True
Is 141 a factor of 6261174?
False
Is 3 a factor of 46775446?
False
Does 7154 divide 1543328040?
False
Is 14 a factor of 463235584?
True
Is 18 a factor of 50562077?
False
Is 386824460 a multiple of 706?
True
Does 421 divide 42453640?
True
Does 858 divide 18497622?
True
Does 172 divide 959559?
False
Is 80955441 a multiple of 177?
False
Is 29680279 a multiple of 8?
False
Is 2029 a factor of 281750998?
True
Does 1372 divide 159612992?
True
Does 11 divide 104341902?
False
Is 365406242 a multiple of 635?
False
Is 38 a factor of 58827584?
False
Is 38160522 a multiple of 141?
True
Is 1768975994 a multiple of 458?
True
Is 161 a factor of 18514789?
False
Is 24 a factor of 112437346?
False
Is 958110 a multiple of 30?
True
Does 5401 divide 2711310044?
False
Is 61 a factor of 36577664?
False
Does 1493 divide 157928047?
True
Is 289 a factor of 50324726?
True
Does 63 divide 1963458?
True
Is 455 a factor of 177932076?
False
Does 1290 divide 505461990?
True
Is 226 a factor of 122543754?
True
Is 36 a factor of 1973268?
True
Is 21 a factor of 217100012?
False
Is 6